n divisor of 13653 and 2952.
369
Calculate the highest common divisor of 15 and 9559140.
15
What is the highest common divisor of 124871 and 1294?
647
Calculate the highest common divisor of 516803 and 49.
49
Calculate the highest common factor of 5818 and 12.
2
Calculate the highest common factor of 4172 and 1512.
28
What is the highest common factor of 264 and 3840936?
264
What is the highest common factor of 625464 and 4032?
504
What is the greatest common factor of 71656 and 832?
104
Calculate the highest common divisor of 721345 and 89.
89
What is the greatest common divisor of 5 and 84943?
1
What is the highest common divisor of 126 and 2127447?
63
What is the greatest common factor of 863772 and 1176?
588
What is the greatest common factor of 10044 and 10125?
81
What is the greatest common factor of 65926 and 21?
7
Calculate the greatest common factor of 14084104 and 332.
332
Calculate the greatest common factor of 2782 and 338.
26
What is the highest common divisor of 450 and 27050?
50
What is the highest common factor of 5160 and 2950?
10
What is the highest common divisor of 57515 and 250?
5
What is the greatest common factor of 1223054 and 56?
14
Calculate the greatest common divisor of 398552 and 647.
647
What is the greatest common divisor of 264 and 1561428?
132
Calculate the greatest common divisor of 1924 and 929588.
148
Calculate the greatest common factor of 1626 and 2742.
6
What is the highest common factor of 250457 and 211?
211
Calculate the highest common factor of 29106 and 7252.
98
Calculate the greatest common factor of 263185 and 65.
65
What is the greatest common divisor of 1773 and 72?
9
What is the greatest common divisor of 9 and 103050?
9
Calculate the greatest common factor of 4389320 and 312.
104
Calculate the highest common divisor of 12500 and 48.
4
Calculate the greatest common factor of 263037 and 9.
3
What is the greatest common divisor of 1093324 and 3544?
1772
What is the highest common divisor of 140781 and 4509?
501
What is the greatest common factor of 3420 and 10165?
95
Calculate the highest common factor of 14817775 and 175.
175
What is the greatest common divisor of 589443 and 366?
183
What is the highest common divisor of 4011 and 5789?
7
Calculate the highest common factor of 385 and 444213.
77
Calculate the highest common divisor of 1760 and 172040.
440
What is the highest common factor of 3038 and 45262?
14
What is the greatest common factor of 1890 and 1545?
15
What is the greatest common divisor of 34524 and 450?
18
Calculate the highest common factor of 5421691 and 17.
17
Calculate the greatest common factor of 238 and 204391.
17
Calculate the highest common divisor of 12 and 676.
4
What is the greatest common divisor of 296646 and 147?
147
What is the greatest common divisor of 1324 and 452?
4
What is the highest common divisor of 1056 and 33?
33
Calculate the highest common divisor of 529771 and 935.
187
Calculate the highest common divisor of 125242 and 52.
26
Calculate the greatest common divisor of 23355 and 225.
45
Calculate the greatest common divisor of 5328 and 1200.
48
Calculate the highest common divisor of 13660 and 20.
20
What is the greatest common factor of 62776 and 16107?
413
What is the greatest common factor of 4764 and 24?
12
Calculate the highest common divisor of 3128 and 14824.
136
What is the greatest common factor of 2907 and 171?
171
What is the highest common factor of 2580370 and 115?
115
What is the highest common divisor of 1393213 and 19?
19
Calculate the greatest common divisor of 119 and 44489.
17
Calculate the highest common factor of 29 and 43355.
29
What is the highest common factor of 9296190 and 90?
90
Calculate the highest common divisor of 42647 and 11.
11
What is the greatest common divisor of 589248 and 6324?
372
What is the greatest common factor of 89180 and 30?
10
What is the highest common factor of 127488 and 48?
48
Calculate the highest common factor of 175 and 6587.
7
Calculate the highest common factor of 533195 and 23660.
845
Calculate the highest common divisor of 16 and 85872.
16
What is the highest common factor of 2736 and 342?
342
What is the greatest common factor of 434 and 204662?
62
What is the greatest common factor of 84177 and 2388?
597
What is the greatest common factor of 132 and 30063?
33
What is the highest common divisor of 1416 and 752?
8
Calculate the greatest common divisor of 310 and 2110.
10
What is the greatest common divisor of 268 and 362470?
134
Calculate the greatest common factor of 10349 and 2358.
131
What is the highest common divisor of 27850 and 650?
50
What is the greatest common factor of 17068 and 1700?
68
Calculate the highest common factor of 75854 and 2346.
782
What is the greatest common divisor of 2912 and 23744?
224
Calculate the greatest common divisor of 128 and 13605056.
64
What is the greatest common divisor of 370761 and 1245?
249
Calculate the greatest common factor of 21 and 19056849.
21
Calculate the greatest common divisor of 3219939 and 54.
27
Calculate the greatest common factor of 25180 and 1.
1
What is the highest common divisor of 69212 and 66?
22
Calculate the highest common divisor of 8340 and 2166315.
2085
What is the highest common divisor of 5152 and 1650112?
736
What is the greatest common divisor of 27279 and 99?
9
What is the greatest common factor of 220 and 86306?
22
Calculate the greatest common divisor of 781 and 13703.
71
What is the greatest common divisor of 74 and 745254?
74
Calculate the highest common factor of 10295 and 5.
5
What is the highest common factor of 370 and 9398?
74
What is the greatest common divisor of 957 and 1023?
33
What is the greatest common factor of 66 and 12972?
6
What is the greatest common factor of 56768 and 848?
16
What is the greatest common factor of 407307 and 138?
69
Calculate the greatest common divisor of 124072 and 13.
13
What is the highest common factor of 57 and 39311?
19
Calculate the highest common divisor of 171 and 61959.
57
What is the highest common factor of 117585 and 2808?
351
What is the greatest common divisor of 1540 and 27412?
308
What is the greatest common divisor of 919563 and 69?
69
What is the greatest common divisor of 2023 and 420?
7
What is the greatest common divisor of 15 and 145767?
3
What is the greatest common factor of 39920 and 400?
80
Calculate the greatest common divisor of 1 and 770795.
1
Calculate the greatest common factor of 300 and 3388.
4
What is the highest common factor of 3 and 29?
1
What is the greatest common divisor of 249 and 419565?
249
Calculate the greatest common divisor of 6 and 9.
3
Calculate the greatest common divisor of 3618 and 46.
2
What is the greatest common factor of 33 and 8101?
1
What is the greatest common factor of 48 and 1327668?
12
What is the greatest common factor of 7803 and 6345?
27
Calculate the highest common divisor of 15174 and 96.
6
Calculate the greatest common factor of 13192 and 256856.
776
What is the greatest common factor of 930 and 143530?
310
Calculate the greatest common factor of 1071 and 99144.
153
What is the highest common factor of 3 and 9663?
3
What is the greatest common factor of 1369119 and 957?
87
What is the highest common factor of 80931 and 1018?
509
Calculate the greatest common divisor of 13 and 11351.
1
Calculate the highest common divisor of 95708 and 1775.
71
Calculate the highest common divisor of 283032 and 72.
72
Calculate the greatest common divisor of 3360 and 88920.
120
Calculate the highest common factor of 220226 and 58.
58
Calculate the highest common factor of 296 and 22829.
37
Calculate the highest common divisor of 501 and 817799.
167
Calculate the highest common factor of 406 and 11820284.
406
Calculate the highest common divisor of 14848 and 348.
116
Calculate the greatest common factor of 19431 and 1377.
153
What is the highest common factor of 80 and 335?
5
Calculate the greatest common factor of 11189 and 668.
167
What is the greatest common factor of 17114 and 258?
86
Calculate the highest common divisor of 282 and 4927010.
94
What is the greatest common divisor of 14916 and 99?
33
Calculate the highest common factor of 142 and 318932.
142
Calculate the greatest common factor of 133107 and 325.
13
What is the high